{"id":1628,"date":"2019-11-18T07:40:23","date_gmt":"2019-11-18T11:40:23","guid":{"rendered":"https:\/\/ppgedumat.ufms.br\/?page_id=1628"},"modified":"2019-11-18T07:42:03","modified_gmt":"2019-11-18T11:42:03","slug":"calendario-academico-ano-letivo-de-2020-para-os-cursos-de-graduacao-e-de-pos-graduacao-stricto-sensu-da-ufms","status":"publish","type":"page","link":"https:\/\/ppgedumat.ufms.br\/en\/calendario-academico-ano-letivo-de-2020-para-os-cursos-de-graduacao-e-de-pos-graduacao-stricto-sensu-da-ufms\/","title":{"rendered":"(Portugu\u00eas do Brasil) Calend\u00e1rio Acad\u00eamico, ano letivo de 2020, para os cursos de gradua\u00e7\u00e3o e de p\u00f3s-gradua\u00e7\u00e3o stricto sensu da UFMS"},"content":{"rendered":"<p class=\"qtranxs-available-languages-message qtranxs-available-languages-message-en\">Sorry, this entry is only available in <a href=\"https:\/\/ppgedumat.ufms.br\/pb\/wp-json\/wp\/v2\/pages\/1628\" class=\"qtranxs-available-language-link qtranxs-available-language-link-pb\" title=\"Portugu\u00eas do Brasil\">Portugu\u00eas do Brasil<\/a>.<\/p>","protected":false},"excerpt":{"rendered":"<p>Sorry, this entry is only available in Portugu\u00eas do Brasil.<\/p>\n","protected":false},"author":6493,"featured_media":0,"parent":0,"menu_order":0,"comment_status":"closed","ping_status":"closed","template":"","meta":{"ngg_post_thumbnail":0,"footnotes":""},"coauthors":[],"class_list":["post-1628","page","type-page","status-publish","hentry"],"_links":{"self":[{"href":"https:\/\/ppgedumat.ufms.br\/en\/wp-json\/wp\/v2\/pages\/1628","targetHints":{"allow":["GET"]}}],"collection":[{"href":"https:\/\/ppgedumat.ufms.br\/en\/wp-json\/wp\/v2\/pages"}],"about":[{"href":"https:\/\/ppgedumat.ufms.br\/en\/wp-json\/wp\/v2\/types\/page"}],"author":[{"embeddable":true,"href":"https:\/\/ppgedumat.ufms.br\/en\/wp-json\/wp\/v2\/users\/6493"}],"replies":[{"embeddable":true,"href":"https:\/\/ppgedumat.ufms.br\/en\/wp-json\/wp\/v2\/comments?post=1628"}],"version-history":[{"count":1,"href":"https:\/\/ppgedumat.ufms.br\/en\/wp-json\/wp\/v2\/pages\/1628\/revisions"}],"predecessor-version":[{"id":1630,"href":"https:\/\/ppgedumat.ufms.br\/en\/wp-json\/wp\/v2\/pages\/1628\/revisions\/1630"}],"wp:attachment":[{"href":"https:\/\/ppgedumat.ufms.br\/en\/wp-json\/wp\/v2\/media?parent=1628"}],"wp:term":[{"taxonomy":"author","embeddable":true,"href":"https:\/\/ppgedumat.ufms.br\/en\/wp-json\/wp\/v2\/coauthors?post=1628"}],"curies":[{"name":"wp","href":"https:\/\/api.w.org\/{rel}","templated":true}]}}

(Português do Brasil) Calendário Acadêmico, ano letivo de 2020, para os cursos de graduação e de pós-graduação stricto sensu da UFMS

<p class="qtranxs-available-languages-message qtranxs-available-languages-message-en">Sorry, this entry is only available in <a href="https://ppgedumat.ufms.br/pb/wp-json/wp/v2/pages/1628" class="qtranxs-available-language-link qtranxs-available-language-link-pb" title="Português do Brasil">Português do Brasil</a>.</p>

<p>Sorry, this entry is only available in Português do Brasil.</p>
